1. Let w = 4 - 8. Let l(a) = w*x(a) + q(a). Give l(3).
-2
Let d = -9 - -10. Let h(u) = -u**3 - u**2 - 3*u + 2. Let g(l) = l**2 - l. Let n(o) = d*h(o) - 2*g(o). Suppose z + 1 + 2 = 0. Calculate n(z).
5
Let d = -1 - -1. Let o(b) be the first derivative of -6*b + 1/3*b**3 + 1/4*b**4 + 1/2*b**2 - 10. Determine o(d).
-6
Suppose 0*c + 3*c = 0. Let u be (-1)/((-3)/18*2). Let s(o) = -o**u + 3 + 3 + o + 0 + o**2. Determine s(c).
6
Let r(h) be the third derivative of -h**5/60 + h**4/3 + h**3/3 + 20*h**2. Give r(7).
9
Suppose 2 = -2*q, 20 = -4*n - 2*q - 2. Let i(r) = 21*r - 15*r + r**2 - 25 + 27. Calculate i(n).
-3
Let n(l) = -l**3 - 4*l**2 + 4*l. Let j = -36 + 25. Let a = j - -15. Let c be 5/a*(-8)/2. Calculate n(c).
5
Let m(o) = -4*o**3 + 2*o**2 + o. Let c(g) be the first derivative of g**4/2 + 2*g**3/3 - g + 1. Let z be c(1). Suppose 0 + z = -3*k. Give m(k).
5
Let y be 165/(-75) - (-2)/10. Let s(g) = -g**3 - g + 1. Determine s(y).
11
Suppose s + 4*z = -6, -s + 16 = 2*s - 5*z. Suppose -v - 3 = q, -v + s*q + 3 = -6. Let d(i) be the first derivative of -5*i**2/2 + 5. Determine d(v).
-5
Let k(p) = 11*p**2 - p + 1. Suppose 2*n + 0*n + 16 = 3*o, -o + 10 = -3*n. Suppose -3*y - 4*r + 2 = -3*r, 4*y - 2*r = 6. Let j be (y/o)/(3/12). Calculate k(j).
11
Let s(j) = j + 1. Let h(a) = a. Let d(t) = -6*h(t) + s(t). What is d(2)?
-9
Let x(h) = -h**3 - 6*h**2 + 3*h + 6. Let k = -26 + 20. Determine x(k).
-12
Let x(b) = 2*b**2 + 19*b - 10. Let k(f) = f**2 + 9*f - 5. Let i(d) = 5*k(d) - 2*x(d). Let o(v) = -3*v**2 - 22*v + 16. Let s(g) = 7*i(g) + 2*o(g). Give s(-4).
-7
Let h be (-6)/(-15) - (-13)/5. Suppose -h = -s + b, -5*s = -4*b - 0*b - 10. Let t(r) = -2*r**3 - 3*r**2 - 3*r - 2. Calculate t(s).
8
Let g(d) = d**2 - 8*d + 2. Let x be g(6). Let l = -9 - x. Let u(s) be the second derivative of -s**4/4 + s**2/2 + 2*s. Calculate u(l).
-2
Let a(f) = 2*f**2 + 12*f - 4. Let v(b) = b**2 + 6*b - 2. Let k(w) = -3*a(w) + 5*v(w). What is k(-7)?
-5
Let o(z) = -z + 1. Let p = 4 + -1. Suppose l = -2*l + 36. Suppose l = -4*f - k, -p*f + 2*k - 20 = -0*k. What is o(f)?
5
Let s be (-384)/84 - (-6)/(-14). Let a(x) = -x - x + 0*x + 3*x. Calculate a(s).
-5
Let l(v) = -v**3. Let h be l(0). Let c(z) be the third derivative of h*z + 1/3*z**3 - 2*z**2 + 1/12*z**4 + 0. What is c(2)?
6
Let l = 8 - 11. Let m = l + 7. Let a(c) = c**3 - 4*c**2 + 2*c + 4. Calculate a(m).
12
Let k(n) = -n**3 - 6*n**2 - 5*n + 6. Let o be k(-5). Let z(i) = -8*i**2 + i**3 + 3*i**2 - 15 - 4*i + 11. What is z(o)?
8
Suppose 12 = 3*p, -m = 2*p - 7 + 2. Let c(j) be the third derivative of -j**4/24 - j**3/6 - 2*j**2. Give c(m).
2
Let h(s) = -s + 2. Let u be h(2). Suppose -4*b + 6 = -2*p + 3*p, 0 = -5*b + 2*p + 14. Let x(w) = -w**2 + 3*w - 4*w + b*w**2 - 3. Give x(u).
-3
Suppose -3*q = -2*q. Let r(h) = h + q*h + 17 - 8. Let o(v) = v**3 + v**2 - 3*v - 5. Let i be o(0). Determine r(i).
4
Let m = 2 + 6. Let d(u) = -m + 12*u**3 - 6 + u + 15. Give d(-1).
-12
Suppose 2*k = 5 + 3. Suppose 0 = -5*i - 5*y + 15, -5*i + 2*y = -k*i. Let z(l) = -4 - 3*l - i + 4*l. Give z(3).
-3
Let s = 2 - 5. Let q be 2/(s/((-6)/(-4))). Let m(h) = 7*h**2 + 2*h + 1. Calculate m(q).
6
Let d = -18 + 26. Let c(z) = -2 + 4*z**2 - 3*z**2 - 5*z - 2*z. Calculate c(d).
6
Let t(k) be the third derivative of -k**7/2520 + k**5/120 + k**4/8 - 4*k**2. Let g(w) be the second derivative of t(w). Determine g(-1).
0
Let o(v) be the first derivative of v**3/6 + 2*v**2 - 2*v + 3. Let q(y) be the first derivative of o(y). Suppose -2*r = 2*r. Give q(r).
4
Suppose 0 = v + 5*a - 1 + 17, -a + 1 = -4*v. Let m be (-2)/((-1 + v)/4). Suppose m*h = 4*k, -4*k = -5*h - 0*k - 3. Let c(d) = d**2 + 4*d. Determine c(h).
-3
Let q(a) = -2*a**2 - 6*a - 5. Let i be q(-1). Let k(s) = 5*s**2 - s - 1. What is k(i)?
5
Let n(g) = -g - 3. Suppose 13*s = 12*s. Let b(k) = -k. Let d be b(s). Give n(d).
-3
Let p(r) = -r**3 + 20*r**2 - 18*r - 25. Let j be p(19). Let t(x) = x**3 + 7*x**2 + 5*x - 5. Calculate t(j).
1
Let k(t) = 2*t - 6. Let h(l) = l**2 - 5*l - 1. Let d be h(7). Let w = d + -8. Give k(w).
4
Suppose -i - 11 = 4*u, 4*u = -2*i - i - 9. Suppose -i + 5 = -w. Let s = 4 + w. Let c(j) = -j**3 - 4. Give c(s).
-4
Suppose 0*y - 4*y - 20 = 0. Let a(v) = -v**3 - 7*v**2 - 7*v - 5. Let i be a(y). Let p be (8/i)/(1/10). Let u(q) = q**2 + 6*q + 6. Give u(p).
-2
Let i(d) be the first derivative of -d**5/20 - d**4/12 - d**3/6 - 2*d**2 + 2*d - 3. Let m(f) be the first derivative of i(f). Calculate m(0).
-4
Let n(w) be the second derivative of -w**4/12 + 2*w**3/3 + 2*w**2 - 10*w. Let i(c) = c**2 + 3*c - 5. Let s be i(-5). Calculate n(s).
-1
Suppose 0*u - 10 = u + 5*q, -4*u = -q - 2. Suppose u = g - 6*g. Suppose g = -r + 2*r. Let a(s) = s**2 + 7. Give a(r).
7
Suppose -4*m + 3*u = 3, -2*m = 2*m + 2*u - 2. Suppose 0 = -4*a + 5*q - 5, q - 1 = m. Let v(n) = 2 - 4 + a*n - n. What is v(-3)?
1
Let n(j) = -j - 14. Let f be n(-12). Let h(p) = -p**2 - p - 2. Determine h(f).
-4
Let r = 3 + -1. Let l(w) = 14 - 7 - 8 + 5*w. Calculate l(r).
9
Let s(v) = -9*v - 1. Let a be s(1). Let g be a*(-2 - 0)/4. Let b(k) = 13*k + 8. Let y(z) = -3*z - 1. Let m(i) = b(i) + 5*y(i). Calculate m(g).
-7
Let i = 1 - 2. Let f(x) be the first derivative of 3 - x**2 - 1/3*x**3 - x. Determine f(i).
0
Let q be (-752)/(-14) + 2/7. Let w(g) = 52 - g - g - q. Give w(-5).
8
Suppose -4*r + 5*q - q - 16 = 0, -r + 2*q = 9. Let o(s) = -r - s - 5*s + 0*s**2 + s**2. Suppose 4 = -0*g + g. Give o(g).
-9
Let o(p) be the second derivative of -p**4/24 + 2*p**3/3 - 3*p**2 + 8*p. Let v(y) be the first derivative of o(y). Give v(6).
-2
Let q be 1*3*(-4)/(-6). Let s(r) = -4*r + 3. Let m(j) = 9*j - 6. Let v(d) = 3*m(d) + 7*s(d). Give v(q).
1
Let z(n) = -n**3 + 3*n**2 + 4*n + 2. Suppose 2*k + 5 - 19 = 0. Suppose -4*b + k*b = 12. Determine z(b).
2
Let k(c) be the third derivative of 0*c**3 + 0 - 7/24*c**4 + 2*c**2 + 0*c. Suppose -7 = 4*g + y, 2*y = 4*g - y - 5. Give k(g).
7
Let u(o) be the second derivative of o**5/30 - o**4/6 + 3*o**2 + o. Let w(y) be the first derivative of u(y). Determine w(3).
6
Suppose 4*l + o - 7 = 0, 0 = 3*l - o - 11 - 3. Let q(u) = -4*u**2 - 3*u + 5 + 2 - 2*u + u**l. Give q(5).
7
Suppose 11*t = -0*t + 22. Let a(n) = n - 1. Let u(s) = -7. Let v(r) = -5*a(r) + u(r). Calculate v(t).
-12
Let n(p) be the second derivative of 0 - 1/2*p**2 + 2*p + 1/24*p**4 - 1/2*p**3. Let j(d) be the first derivative of n(d). What is j(3)?
0
Let l(r) = r**3 + 9 - 20*r**2 + 28*r**2 - 3*r + 10*r. Give l(-7).
9
Let z(m) = -3. Let d(s) = -s - 1. Let h(n) = 5*d(n) - z(n). Give h(-6).
28
Let l(m) = -m + 3. Let j = -14 - -18. Determine l(j).
-1
Let y = -14 - -16. Let c(f) = 2 + f**3 + y + 3*f**2 - 4 - 3*f. What is c(-4)?
-4
Let w(q) = -q + 7. Let b be (-4)/(3 + 23/(-7)). Suppose 4*t = 4*c + 24, 3*t = -0*c - c + b. What is w(t)?
2
Let c(b) = -8*b**2 + 5*b - 14. Let a(d) = 3*d**2 - 2*d + 5. Let p(i) = -11*a(i) - 4*c(i). Determine p(2).
1
Suppose -d + 0 + 2 = 0. Let m(k) = -k**3 - 2*k + k**2 - 2*k**2 - 2*k**2 - 1 + 8*k**d. Give m(4).
7
Let h(m) = -m**2 - 2. Let v be (-23)/(-6) + (-1)/(-6). Suppose 5*p - 5 = w, 0 = -v*w + 2*p - 2. Let i = 3 + w. Determine h(i).
-11
Let n = 93 - 89. Let h(w) = 2*w**2 - 12*w + 10. Let p(t) = 3*t**2 - 18*t + 15. Let c(r) = -7*h(r) + 5*p(r). What is c(n)?
-3
Let s(y) = -y**2 - 7*y - 5. Let f(a) = -a**3 + 19*a**2 - a + 14. Let m be f(19). What is s(m)?
5
Let o(x) = x + 7. Let k(t) = 3. Let l(j) = 5*k(j) - 2*o(j). Suppose -4*s + 18 = 2. Suppose a + 3 = 3*m - s, 3 = a + 2*m. Give l(a).
3
Let t(n) be the third derivative of 1/2*n**3 + 1/24*n**4 + 0 + 0*n - 2*n**2. Let r(c) = -4*c - 9. Let s(q) = 2*r(q) + 7*t(q). Calculate s(4).
-1
Suppose 5*k + 20 = 0, 0 = 2*w + w + 3*k + 6. Suppose g + w = -2. Let m(b) = 5*b + b**2 - 2 + 0*b + 1 + 0*b. Determine m(g).
-5
Let t(w) = -w - 10. Let k be t(-10). Let y(i) = 2*i - 10. Let d be y(9). Let n(q) = -d*q**2 + k*q + q + 0*q. What is n(1)?
-7
Suppose -4*z = -4*s, 2*s = 2*z + 5*s. Suppose z = -0*f + 4*f. Let x(u) = u**2 - 1. Let m(t) = -2*t**2 - t - 3. Let p(y) = m(y) + 3*x(y). Calculate p(f).
-6
Let s(a) = -a**3 - 3*a**2 - a + 2. Suppose -4*j = 0, -2*o + 0 = 2*j - 2. Let p be (-8)/4 + o*-1. Give s(p).
5
Let c(l) be the second derivative of -1/6*l**3 - 3*l - 1/12*l**4 + 0 - 3/2*l**2. Calculate c(0).
-3
Suppose 5*l - 4*l